{"id":116,"date":"2021-02-08T23:45:35","date_gmt":"2021-02-08T22:45:35","guid":{"rendered":"https:\/\/bobolagorlice.pl\/?page_id=116"},"modified":"2025-09-01T00:22:49","modified_gmt":"2025-08-31T22:22:49","slug":"duszpasterze","status":"publish","type":"page","link":"https:\/\/bobolagorlice.pl\/index.php\/duszpasterze\/","title":{"rendered":"Duszpasterze"},"content":{"rendered":"\n<p><strong>Ksi\u0105dz Proboszcz<\/strong><\/p>\n\n\n\n<p><strong>Ks. mgr Stanis\u0142aw Kogut<\/strong> <br>ur. 27.04.1962 r. w Dukli, <br>\u015bwi\u0119cenia kap\u0142a\u0144skie przyj\u0105\u0142 14.06.1989 r. w Przemy\u015blu z r\u0105k bpa Ignacego Tokarczuka. <br>Jako wikariusz pracowa\u0142 w parafiach: <br>Gogo\u0142\u00f3w (1989 &#8211; 1992), <br>Gorlice Narodzenia NMP (1992 &#8211; 1997) <br>Jas\u0142o \u015bw. Stanis\u0142awa (1997 &#8211; 200). <\/p>\n\n\n\n<p>W latach 2000 &#8211; 2002 by\u0142 dyrektorem d\/s administracyjnych Wy\u017cszego Seminarium Duchownego w Rzeszowie, a w latach 2002 &#8211; 2009 proboszczem parafii Podwy\u017cszenia Krzy\u017ca \u015awietego w Kamionce. <br>Od 23.08.2009 jest proboszczem parafii \u015bw. Andrzeja Boboli w Gorlicach. <\/p>\n\n\n\n<p>Kontakt: stankogut11@gmail.com.<\/p>\n\n\n\n<p><\/p>\n\n\n\n<p><strong>Wikariusze<\/strong> :<\/p>\n\n\n\n<p><strong>Ks. mgr Krzysztof Stawarz<\/strong>, \u015awi\u0119cenia kap\u0142a\u0144skie: 2007 r. W Parafii pracuje od 2025 r.<\/p>\n\n\n\n<p><strong>Rezydent<\/strong>:<\/p>\n\n\n\n<p><strong>ks. dr Krzysztof Wymaza\u0142a<\/strong>, \u015bwi\u0119cenia kap\u0142a\u0144skie: 1978 r. W Parafii od 2016 r.<\/p>\n\n\n\n<p><\/p>\n\n\n\n<p><strong>Ksi\u0119\u017ca, kt\u00f3rzy pracowali w Parafii<\/strong> :<\/p>\n\n\n\n<p>1983-1986 &#8211; ks. J\u00f3zef Kiwior<\/p>\n\n\n\n<p>1984-1988 &#8211; ks. Zbigniew Dusza<\/p>\n\n\n\n<p>1986-1991 &#8211; ks. Zbigniew Kras<\/p>\n\n\n\n<p>1988-1992 &#8211; ks. Wies\u0142aw Biernat<\/p>\n\n\n\n<p>1991-1995 &#8211; ks. Krzysztof Gac<\/p>\n\n\n\n<p>1992-1993 &#8211; ks. Stanis\u0142aw Michalik<\/p>\n\n\n\n<p>1993-1998 &#8211; ks. Jan Krynicki<\/p>\n\n\n\n<p>1995-1999 &#8211; ks. Krzysztof Smole\u0144<\/p>\n\n\n\n<p>1998-2000 &#8211; ks. Andrzej Piersiak<\/p>\n\n\n\n<p>1999-2006 &#8211; ks. Janusz Kunior<\/p>\n\n\n\n<p>2000-2003 &#8211; ks. Marek P\u0119cak<\/p>\n\n\n\n<p>2003-2006 &#8211; ks. Janusz Wiktor<\/p>\n\n\n\n<p>2006-2007 &#8211; ks. Andrzej Turo\u0144<\/p>\n\n\n\n<p>2006-2007 &#8211; ks. Marek Mielcarek<\/p>\n\n\n\n<p>2007-2011 &#8211; ks. Gabriel Tendelski<\/p>\n\n\n\n<p>2007-2013 &#8211; ks. Bogus\u0142aw Jaworski<\/p>\n\n\n\n<p>2011-2013 &#8211; ks. Pawe\u0142 Matuszewski<\/p>\n\n\n\n<p>2013-2016 &#8211; ks. \u0141ukasz W\u0119glowski<\/p>\n\n\n\n<p>2013-2017 &#8211; ks. Mieczys\u0142aw Pa\u015bko<\/p>\n\n\n\n<p>2016-2020 &#8211; ks. Wac\u0142aw Stok\u0142osa<\/p>\n\n\n\n<p>2020-2023 &#8211; ks. Piotr Sala<\/p>\n\n\n\n<p>2017-2025 &#8211; ks. Krzysztof Czaja<\/p>\n\n\n\n<p><strong>Ksi\u0119\u017ca pochodz\u0105cy z Parafii<\/strong> :<\/p>\n\n\n\n<p>Ks. Emil Myszkowski, wy\u015bwi\u0119cony w Tarnowie w r. 1986 (proboszcz parafii Mogilno)<\/p>\n\n\n\n<p>Ks. Stanis\u0142aw Garnczarski, wy\u015bwi\u0119cony w Tarnowie w r. 1987 (pracownik naukowo-dydaktycznu Wydzia\u0142u Teologicznego UP JPII w Tarnowie)<\/p>\n\n\n\n<p>O. Stanis\u0142aw Glista, franciszkanin, wy\u015bwi\u0119cony w Krakowie w r. 1987 (klasztor franciszkan\u00f3w w Kalwarii Pac\u0142awskiej)<\/p>\n\n\n\n<p>Ks. Ryszard Podsto\u0142owicz, wy\u015bwi\u0119cony w Tarnowie w r. 1990 (proboszcz w parafii \u015bw. Miko\u0142aja w Bochni)<\/p>\n\n\n\n<p>Ks. Franciszek Gr\u0105dalski, wy\u015bwi\u0119cony w Tarnowie w r. 1994 (wikariusz w parafii \u015bw. Miko\u0142aja w Bochni i kapelan szpitala)<\/p>\n\n\n\n<p>Ks. Piotr Smo\u0142a, wy\u015bwi\u0119cony w Tarnowie w r. 1999 (dyrektor Domu Ksi\u0119\u017cy Emeryt\u00f3w Diecezji Tarnowskiej)<\/p>\n\n\n\n<p>Ks. Janusz Gaber, wy\u015bwi\u0119cony we W\u0142oszech w r. 2001 (pracuje we W\u0142oszech)<\/p>\n\n\n\n<p>Ks. Robert Dziedziak, wy\u015bwi\u0119cony na Florydzie w r. 2005 (pracuje na Florydzie &#8211; USA)<\/p>\n\n\n\n<p>Ks. \u0141ukasz Br\u0105giel, wy\u015bwi\u0119cony w 2008 r. w Rzeszowie (pracuje we Francji)<\/p>\n\n\n\n<p>Ks. Pawe\u0142 \u0141ebski, wy\u015bwi\u0119cony w 2010 r. w Tarnowie <\/p>\n\n\n\n<p>Ks. Mariusz Bilski, wy\u015bwi\u0119cony w 2018 r. w Rzeszowie (wikariusz w Ja\u015ble &#8211; D\u0105br\u00f3wki)<\/p>\n\n\n\n<p>Ks. Jakub Oczkowicz, wy\u015bwi\u0119cony w 2019 r. w Rzeszowie (vice dyrektor radia VIA)<\/p>\n\n\n\n<p>ks. Adam Guzik, wy\u015bwi\u0119cony w 2025 r. w Rzeszowie (wikariusz w Ropczycach &#8211; \u015bw. Barbary)<\/p>\n\n\n\n<p><strong>Siostry zakonne pochodz\u0105ce z Parafii<\/strong> :<\/p>\n\n\n\n<p>Magdalena Zamorska<\/p>\n\n\n\n<p>Ewa Dyczko <\/p>\n\n\n\n<p>Barbara Bartu\u015b<\/p>\n","protected":false},"excerpt":{"rendered":"<p>Ksi\u0105dz Proboszcz Ks. mgr Stanis\u0142aw Kogut ur. 27.04.1962 r. w Dukli, \u015bwi\u0119cenia kap\u0142a\u0144skie przyj\u0105\u0142 14.06.1989 r. w Przemy\u015blu z r\u0105k bpa Ignacego Tokarczuka. Jako wikariusz pracowa\u0142 w parafiach: Gogo\u0142\u00f3w (1989 &#8211; 1992), Gorlice Narodzenia NMP (1992 &#8211; 1997) Jas\u0142o \u015bw. Stanis\u0142awa (1997 &#8211; 200). W latach 2000 &#8211; 2002 by\u0142 dyrektorem d\/s administracyjnych Wy\u017cszego Seminarium&#8230;<\/p>\n","protected":false},"author":1,"featured_media":0,"parent":0,"menu_order":0,"comment_status":"closed","ping_status":"closed","template":"","meta":{"footnotes":""},"class_list":["post-116","page","type-page","status-publish","hentry"],"_links":{"self":[{"href":"https:\/\/bobolagorlice.pl\/index.php\/wp-json\/wp\/v2\/pages\/116","targetHints":{"allow":["GET"]}}],"collection":[{"href":"https:\/\/bobolagorlice.pl\/index.php\/wp-json\/wp\/v2\/pages"}],"about":[{"href":"https:\/\/bobolagorlice.pl\/index.php\/wp-json\/wp\/v2\/types\/page"}],"author":[{"embeddable":true,"href":"https:\/\/bobolagorlice.pl\/index.php\/wp-json\/wp\/v2\/users\/1"}],"replies":[{"embeddable":true,"href":"https:\/\/bobolagorlice.pl\/index.php\/wp-json\/wp\/v2\/comments?post=116"}],"version-history":[{"count":10,"href":"https:\/\/bobolagorlice.pl\/index.php\/wp-json\/wp\/v2\/pages\/116\/revisions"}],"predecessor-version":[{"id":6074,"href":"https:\/\/bobolagorlice.pl\/index.php\/wp-json\/wp\/v2\/pages\/116\/revisions\/6074"}],"wp:attachment":[{"href":"https:\/\/bobolagorlice.pl\/index.php\/wp-json\/wp\/v2\/media?parent=116"}],"curies":[{"name":"wp","href":"https:\/\/api.w.org\/{rel}","templated":true}]}}