{"id":118,"date":"2021-02-08T23:47:11","date_gmt":"2021-02-08T22:47:11","guid":{"rendered":"https:\/\/bobolagorlice.pl\/?page_id=118"},"modified":"2025-08-30T23:12:12","modified_gmt":"2025-08-30T21:12:12","slug":"kancelaria","status":"publish","type":"page","link":"https:\/\/bobolagorlice.pl\/index.php\/kancelaria\/","title":{"rendered":"Kancelaria"},"content":{"rendered":"\n<p><strong>Od wrze\u015bnia do czerwca<\/strong> czynna we <strong>wtorek i pi\u0105tek<\/strong>:<\/p>\n\n\n\n<p>w godz. <strong>16:00-17:30<\/strong><\/p>\n\n\n\n<p>W czasie wakacji (<strong>lipiec &#8211; sierpie\u0144)<\/strong> czynna we <strong>wtorek i pi\u0105tek<\/strong>:<\/p>\n\n\n\n<p>bezpo\u015brednio po <strong>Mszy \u015bw.<\/strong> <strong>o godz. 18.00.<\/strong><\/p>\n\n\n\n<p>W <strong>niedziele, \u015bwi\u0119ta oraz I pi\u0105tki miesi\u0105ca <\/strong>kancelaria <strong>nieczynna<\/strong>.<\/p>\n\n\n\n<p><br><strong>INFORMACJE:<\/strong><br>R\u00f3\u017cne za\u015bwiadczenia wydawane s\u0105 w godzinach dy\u017curu kancelaryjnego. Zainteresowany mo\u017ce uzyska\u0107 dokumenty potrzebnych do Sakrament\u00f3w \u015awi\u0119tych i katolickiego pogrzebu.<\/p>\n\n\n\n<p><strong>Zapowiedzi przedma\u0142\u017ce\u0144skie<\/strong> za\u0142atwiane s\u0105 po wcze\u015bniejszym uzgodnieniu dogodnego terminu.<\/p>\n\n\n\n<p><strong>Intencje mszalne<\/strong> przyjmowane s\u0105 w kancelarii parafialnej w godzinach urz\u0119dowania i w zakrystii po ka\u017cdej Mszy \u015bwi\u0119tej.<\/p>\n\n\n\n<p><strong>Pogrzeb katolicki<\/strong><br>Jego celebracja nale\u017cy si\u0119 wszystkim wierz\u0105cym, kt\u00f3rzy uczestnicz\u0105 w \u017cyciu Ko\u015bcio\u0142a i parafii. Wymagany jest: akt zgonu, za\u015bwiadczenie o udzieleniu sakramentu chorych i wiatyku (Komunii \u015bw.) je\u015bli zgon nast\u0105pi\u0142 poza parafi\u0105 lub w szpitalu (wystawia je kapelan szpitala). Zg\u0142aszanie pogrzeb\u00f3w mo\u017cna dokonywa\u0107 tak\u017ce poza godzinami urz\u0119dowania.<\/p>\n","protected":false},"excerpt":{"rendered":"<p>Od wrze\u015bnia do czerwca czynna we wtorek i pi\u0105tek: w godz. 16:00-17:30 W czasie wakacji (lipiec &#8211; sierpie\u0144) czynna we wtorek i pi\u0105tek: bezpo\u015brednio po Mszy \u015bw. o godz. 18.00. W niedziele, \u015bwi\u0119ta oraz I pi\u0105tki miesi\u0105ca kancelaria nieczynna. INFORMACJE:R\u00f3\u017cne za\u015bwiadczenia wydawane s\u0105 w godzinach dy\u017curu kancelaryjnego. Zainteresowany mo\u017ce uzyska\u0107 dokumenty potrzebnych do Sakrament\u00f3w \u015awi\u0119tych&#8230;<\/p>\n","protected":false},"author":1,"featured_media":0,"parent":0,"menu_order":0,"comment_status":"closed","ping_status":"closed","template":"","meta":{"footnotes":""},"class_list":["post-118","page","type-page","status-publish","hentry"],"_links":{"self":[{"href":"https:\/\/bobolagorlice.pl\/index.php\/wp-json\/wp\/v2\/pages\/118","targetHints":{"allow":["GET"]}}],"collection":[{"href":"https:\/\/bobolagorlice.pl\/index.php\/wp-json\/wp\/v2\/pages"}],"about":[{"href":"https:\/\/bobolagorlice.pl\/index.php\/wp-json\/wp\/v2\/types\/page"}],"author":[{"embeddable":true,"href":"https:\/\/bobolagorlice.pl\/index.php\/wp-json\/wp\/v2\/users\/1"}],"replies":[{"embeddable":true,"href":"https:\/\/bobolagorlice.pl\/index.php\/wp-json\/wp\/v2\/comments?post=118"}],"version-history":[{"count":8,"href":"https:\/\/bobolagorlice.pl\/index.php\/wp-json\/wp\/v2\/pages\/118\/revisions"}],"predecessor-version":[{"id":6052,"href":"https:\/\/bobolagorlice.pl\/index.php\/wp-json\/wp\/v2\/pages\/118\/revisions\/6052"}],"wp:attachment":[{"href":"https:\/\/bobolagorlice.pl\/index.php\/wp-json\/wp\/v2\/media?parent=118"}],"curies":[{"name":"wp","href":"https:\/\/api.w.org\/{rel}","templated":true}]}}

<p><strong>Od września do czerwca</strong> czynna we <strong>wtorek i piątek</strong>:</p>



<p>w godz. <strong>16:00-17:30</strong></p>



<p>W czasie wakacji (<strong>lipiec &#8211; sierpień)</strong> czynna we <strong>wtorek i piątek</strong>:</p>



<p>bezpośrednio po <strong>Mszy św.</strong> <strong>o godz. 18.00.</strong></p>



<p>W <strong>niedziele, święta oraz I piątki miesiąca </strong>kancelaria <strong>nieczynna</strong>.</p>



<p><br><strong>INFORMACJE:</strong><br>Różne zaświadczenia wydawane są w godzinach dyżuru kancelaryjnego. Zainteresowany może uzyskać dokumenty potrzebnych do Sakramentów Świętych i katolickiego pogrzebu.</p>



<p><strong>Zapowiedzi przedmałżeńskie</strong> załatwiane są po wcześniejszym uzgodnieniu dogodnego terminu.</p>



<p><strong>Intencje mszalne</strong> przyjmowane są w kancelarii parafialnej w godzinach urzędowania i w zakrystii po każdej Mszy świętej.</p>



<p><strong>Pogrzeb katolicki</strong><br>Jego celebracja należy się wszystkim wierzącym, którzy uczestniczą w życiu Kościoła i parafii. Wymagany jest: akt zgonu, zaświadczenie o udzieleniu sakramentu chorych i wiatyku (Komunii św.) jeśli zgon nastąpił poza parafią lub w szpitalu (wystawia je kapelan szpitala). Zgłaszanie pogrzebów można dokonywać także poza godzinami urzędowania.</p>

<p>Od września do czerwca czynna we wtorek i piątek: w godz. 16:00-17:30 W czasie wakacji (lipiec &#8211; sierpień) czynna we wtorek i piątek: bezpośrednio po Mszy św. o godz. 18.00. W niedziele, święta oraz I piątki miesiąca kancelaria nieczynna. INFORMACJE:Różne zaświadczenia wydawane są w godzinach dyżuru kancelaryjnego. Zainteresowany może uzyskać dokumenty potrzebnych do Sakramentów Świętych&#8230;</p>
